s the hundred thousands digit of 42597538?
5
What is the tens digit of 465841024?
2
What is the thousands digit of 495710132?
0
What is the millions digit of 5928812375?
8
What is the tens digit of 851886903?
0
What is the billions digit of 5914503693?
5
What is the thousands digit of 75652703?
2
What is the units digit of 48080220?
0
What is the ten thousands digit of 240324517?
2
What is the thousands digit of 1782415473?
5
What is the units digit of 173409316?
6
What is the ten thousands digit of 37384794?
8
What is the thousands digit of 966126430?
6
What is the thousands digit of 108619523?
9
What is the hundred thousands digit of 226866140?
8
What is the hundred millions digit of 134329025?
1
What is the ten thousands digit of 370660204?
6
What is the thousands digit of 372344365?
4
What is the ten millions digit of 19650181?
1
What is the millions digit of 831236009?
1
What is the hundred thousands digit of 95643255?
6
What is the hundred thousands digit of 4431090201?
0
What is the hundred thousands digit of 3771520064?
5
What is the ten thousands digit of 2901643404?
4
What is the thousands digit of 609544799?
4
What is the thousands digit of 1431841662?
1
What is the hundreds digit of 236899486?
4
What is the hundred thousands digit of 309599341?
5
What is the thousands digit of 281350157?
0
What is the millions digit of 210388801?
0
What is the millions digit of 902968059?
2
What is the millions digit of 673678234?
3
What is the thousands digit of 27707075?
7
What is the ten thousands digit of 104456542?
5
What is the hundred thousands digit of 544623570?
6
What is the thousands digit of 72187833?
7
What is the ten thousands digit of 404164695?
6
What is the ten millions digit of 197708847?
9
What is the ten thousands digit of 22777834?
7
What is the hundreds digit of 39358004?
0
What is the hundred millions digit of 349822119?
3
What is the hundreds digit of 807516113?
1
What is the tens digit of 5102960475?
7
What is the millions digit of 779445000?
9
What is the tens digit of 208872535?
3
What is the billions digit of 2960702926?
2
What is the millions digit of 62604617?
2
What is the ten millions digit of 158892298?
5
What is the units digit of 846558763?
3
What is the ten millions digit of 395781966?
9
What is the millions digit of 36244185?
6
What is the ten millions digit of 76248896?
7
What is the ten millions digit of 67122320?
6
What is the hundred millions digit of 231857418?
2
What is the units digit of 1623572?
2
What is the tens digit of 4397777698?
9
What is the ten thousands digit of 255821118?
2
What is the ten millions digit of 172119163?
7
What is the hundreds digit of 189225303?
3
What is the billions digit of 1786856136?
1
What is the tens digit of 207942816?
1
What is the thousands digit of 55784526?
4
What is the units digit of 1821190631?
1
What is the millions digit of 632272305?
2
What is the ten thousands digit of 5135532332?
3
What is the hundred thousands digit of 42596154?
5
What is the ten millions digit of 64008423?
6
What is the hundred thousands digit of 52985273?
9
What is the tens digit of 110842151?
5
What is the ten thousands digit of 500424724?
2
What is the ten millions digit of 1423396592?
2
What is the hundred millions digit of 296043382?
2
What is the millions digit of 4931638?
4
What is the hundreds digit of 4641438969?
9
What is the hundred thousands digit of 127768202?
7
What is the ten thousands digit of 1439311854?
1
What is the units digit of 90618534?
4
What is the millions digit of 820657056?
0
What is the tens digit of 872521826?
2
What is the hundred millions digit of 2815184353?
8
What is the tens digit of 3242268385?
8
What is the millions digit of 464212070?
4
What is the millions digit of 1358818?
1
What is the ten thousands digit of 140597825?
9
What is the tens digit of 2109972623?
2
What is the hundred thousands digit of 136453592?
4
What is the hundred millions digit of 1282840677?
2
What is the thousands digit of 12028087?
8
What is the millions digit of 1567173?
1
What is the ten millions digit of 332767568?
3
What is the ten millions digit of 57114750?
5
What is the hundred millions digit of 105161775?
1
What is the tens digit of 999566847?
4
What is the hundred millions digit of 821654960?
8
What is the ten millions digit of 221461423?
2
What is the hundred millions digit of 3200542815?
2
What is the tens digit of 25333793?
9
What is the ten thousands digit of 31220985?
2
What is the millions digit of 662853532?
2
What is the ten millions digit of 375418244?
7
What is the ten millions digit of 115899233?
1
What is the ten millions digit of 937843189?
3
What is the units digit of 1155721265?
5
What is the ten millions digit of 412662006?
1
What is the hundreds digit of 3955834759?
7
What is the ten thousands digit of 75157144?
5
What is the hundreds digit of 3448101?
1
What is the hundreds digit of 92536977?
9
What is the units digit of 38845756?
6
What is the units digit of 6809422587?
7
What is the hundreds digit of 1644621549?
5
What is the units digit of 198500171?
1
What is the hundred millions digit of 110125670?
1
What is the hundreds digit of 2490424770?
7
What is the millions digit of 297766244?
7
What is the hundred millions digit of 425444790?
4
What is the hundred millions digit of 2084559229?
0
What is the hundreds digit of 671761929?
9
What is the ten millions digit of 792050981?
9
What is the thousands digit of 25113329?
3
What is the millions digit of 2082776976?
2
What is the tens digit of 405390715?
1
What is the millions digit of 69083624?
9
What is the thousands digit of 98769855?
9
What is the tens digit of 27318208?
0
What is the hundred thousands digit of 20764894?
7
What is the thousands digit of 22728785?
8
What is the ten thousands digit of 458191176?
9
What is the units digit of 164885096?
6
What is the millions digit of 36940662?
6
What is the hundred thousands digit of 2382188?
3
What is the hundred millions digit of 963597519?
9
What is the tens digit of 43546871?
7
What is the millions digit of 23759851?
3
What is the ten thousands digit of 5728747740?
4
What is the ten thousands digit of 18531481?
3
What is the thousands digit of 104394921?
4
What is the thousands digit of 39091842?
1
What is the hundreds digit of 45814643?
6
What is the ten millions digit of 25388474?
2
What is the hundreds digit of 125878211?
2
What is the thousands digit of 7499123?
9
What is the units digit of 296852536?
6
What is the hundred thousands digit of 114041606?
0
What is the units digit of 1447293010?
0
What is the millions digit of 418324008?
8
What is the hundred millions digit of 673805430?
6
What is the millions digit of 3525053321?
5
What is the thousands digit of 285133713?
3
What is the hundred millions digit of 112851860?
1
What is the hundred thousands digit of 100313004?
3
What is the millions digit of 85822470?
5
What is the ten thousands digit of 140619966?
1
What is the thousands digit of 23556317?
6
What is the hundred millions digit of 160696667?
1
What is the hundreds digit of 68026486?
4
What is the units digit of 13596512?
2
What is the tens digit of 664438168?
6
What is the tens digit of 185986820?
2
What is the thousands digit of 123296729?
6
What is the tens digit of 2041558868?
6
What is the hundred thousands digit of 1131069273?
0
What is the hundred thousands digit of 1518163057?
1
What is the ten millions digit of 288505894?
8
What is the hundreds digit of 820402334?
3
What is the tens digit of 149867004?
0
What is the ten millions digit of 79704893?
7
What is the units digit of 414862357?
7
What is the units digit of 2235482527?
7
What is the hundreds digit of 171275594?
5
What is the billions digit of 2985049225?
2
What is the tens digit of 37232423?
2
What is the hundreds digit of 4204809?
8
What is the ten millions digit of 995217245?
9
What is the ten thousands digit of 1698975799?
7
What is the tens digit of 67546045?
4
What is the units digit of 1223254447?
7
What is the millions digit of 125637156?
5
What is the ten thousands digit of 532641681?
4
What is the hundreds digit of 203375367?
3
What is the tens digit of 983316772?
7
What is the thousands digit of 85575195?
5
What is the billions digit of 2626651830?
2
What i